3 is divided by 82?
77
Calculate the remainder when 1 is divided by 1.
0
What is the remainder when 117 is divided by 36?
9
What is the remainder when 17421 is divided by 66?
63
Calculate the remainder when 8 is divided by 6.
2
What is the remainder when 897 is divided by 897?
0
What is the remainder when 23 is divided by 18?
5
Calculate the remainder when 960 is divided by 957.
3
Calculate the remainder when 239 is divided by 12.
11
Calculate the remainder when 1208 is divided by 121.
119
What is the remainder when 719 is divided by 109?
65
Calculate the remainder when 182 is divided by 44.
6
Calculate the remainder when 2967 is divided by 10.
7
What is the remainder when 1284 is divided by 117?
114
What is the remainder when 369 is divided by 53?
51
What is the remainder when 379 is divided by 14?
1
Calculate the remainder when 150 is divided by 20.
10
What is the remainder when 1002 is divided by 999?
3
Calculate the remainder when 3015 is divided by 27.
18
What is the remainder when 295 is divided by 11?
9
What is the remainder when 146 is divided by 71?
4
What is the remainder when 241 is divided by 5?
1
What is the remainder when 645 is divided by 57?
18
Calculate the remainder when 5079 is divided by 154.
151
Calculate the remainder when 655 is divided by 327.
1
What is the remainder when 137 is divided by 35?
32
Calculate the remainder when 674 is divided by 27.
26
Calculate the remainder when 143 is divided by 53.
37
What is the remainder when 10 is divided by 9?
1
What is the remainder when 23157 is divided by 24?
21
What is the remainder when 365 is divided by 84?
29
Calculate the remainder when 329 is divided by 6.
5
What is the remainder when 966 is divided by 241?
2
Calculate the remainder when 213 is divided by 203.
10
What is the remainder when 246 is divided by 43?
31
Calculate the remainder when 355 is divided by 273.
82
What is the remainder when 30 is divided by 7?
2
What is the remainder when 7291 is divided by 3644?
3
What is the remainder when 4140 is divided by 112?
108
What is the remainder when 829 is divided by 737?
92
Calculate the remainder when 259 is divided by 136.
123
What is the remainder when 3184 is divided by 59?
57
Calculate the remainder when 783 is divided by 371.
41
Calculate the remainder when 2744 is divided by 18.
8
What is the remainder when 4039 is divided by 1341?
16
What is the remainder when 863 is divided by 258?
89
Calculate the remainder when 216 is divided by 31.
30
Calculate the remainder when 231 is divided by 65.
36
Calculate the remainder when 3184 is divided by 35.
34
Calculate the remainder when 207 is divided by 104.
103
Calculate the remainder when 125 is divided by 9.
8
What is the remainder when 721 is divided by 350?
21
Calculate the remainder when 534 is divided by 67.
65
What is the remainder when 156 is divided by 65?
26
What is the remainder when 56 is divided by 2?
0
Calculate the remainder when 2193 is divided by 29.
18
Calculate the remainder when 90 is divided by 13.
12
Calculate the remainder when 2425 is divided by 37.
20
Calculate the remainder when 593 is divided by 11.
10
Calculate the remainder when 780 is divided by 28.
24
Calculate the remainder when 846 is divided by 26.
14
What is the remainder when 175 is divided by 59?
57
What is the remainder when 52 is divided by 17?
1
What is the remainder when 3096 is divided by 155?
151
Calculate the remainder when 1503 is divided by 216.
207
Calculate the remainder when 357 is divided by 29.
9
What is the remainder when 304 is divided by 103?
98
Calculate the remainder when 148 is divided by 52.
44
Calculate the remainder when 349 is divided by 7.
6
Calculate the remainder when 2082 is divided by 48.
18
Calculate the remainder when 5876 is divided by 60.
56
Calculate the remainder when 419 is divided by 106.
101
Calculate the remainder when 98 is divided by 29.
11
Calculate the remainder when 159 is divided by 84.
75
What is the remainder when 74098 is divided by 95?
93
Calculate the remainder when 248 is divided by 17.
10
Calculate the remainder when 1939 is divided by 282.
247
Calculate the remainder when 90 is divided by 23.
21
What is the remainder when 76 is divided by 9?
4
What is the remainder when 753 is divided by 103?
32
Calculate the remainder when 155 is divided by 17.
2
Calculate the remainder when 96 is divided by 33.
30
What is the remainder when 784 is divided by 3?
1
What is the remainder when 499 is divided by 207?
85
What is the remainder when 85 is divided by 15?
10
Calculate the remainder when 24 is divided by 11.
2
What is the remainder when 123 is divided by 21?
18
Calculate the remainder when 976 is divided by 11.
8
What is the remainder when 5246 is divided by 59?
54
Calculate the remainder when 2504 is divided by 56.
40
Calculate the remainder when 657 is divided by 12.
9
What is the remainder when 250 is divided by 127?
123
What is the remainder when 287 is divided by 271?
16
Calculate the remainder when 1215 is divided by 19.
18
What is the remainder when 906 is divided by 14?
10
Calculate the remainder when 53 is divided by 8.
5
Calculate the remainder when 605 is divided by 150.
5
What is the remainder when 96 is divided by 14?
12
Calculate the remainder when 27245 is divided by 131.
128
What is the remainder when 996 is divided by 40?
36
What is the remainder when 104 is divided by 47?
10
Calculate the remainder when 64 is divided by 32.
0
What is the remainder when 253 is divided by 9?
1
What is the remainder when 231 is divided by 71?
18
What is the remainder when 122 is divided by 66?
56
What is the remainder when 45 is divided by 13?
6
What is the remainder when 263 is divided by 29?
2
Calculate the remainder when 57 is divided by 18.
3
What is the remainder when 150 is divided by 33?
18
Calculate the remainder when 396 is divided by 133.
130
What is the remainder when 1902 is divided by 16?
14
Calculate the remainder when 285 is divided by 69.
9
Calculate the remainder when 253 is divided by 51.
49
What is the remainder when 152 is divided by 14?
12
Calculate the remainder when 1955 is divided by 202.
137
Calculate the remainder when 552 is divided by 37.
34
Calculate the remainder when 443 is divided by 78.
53
Calculate the remainder when 202 is divided by 35.
27
Calculate the remainder when 28517 is divided by 184.
181
What is the remainder when 349 is divided by 39?
37
Calculate the remainder when 483 is divided by 70.
63
Calculate the remainder when 120 is divided by 11.
10
Calculate the remainder when 229 is divided by 131.
98
What is the remainder when 191 is divided by 85?
21
What is the remainder when 6905 is divided by 22?
19
Calculate the remainder when 388 is divided by 11.
3
Calculate the remainder when 86 is divided by 30.
26
What is the remainder when 2150 is divided by 23?
11
Calculate the remainder when 848 is divided by 172.
160
Calculate the remainder when 159 is divided by 33.
27
What is the remainder when 444 is divided by 55?
4
What is the remainder when 1019 is divided by 64?
59
Calculate the remainder when 943 is divided by 15.
13
Calculate the remainder when 705 is divided by 7.
5
Calculate the remainder when 170 is divided by 14.
2
Calculate the remainder when 2266 is divided by 63.
61
Calculate the remainder when 3254 is divided by 22.
20
Calculate the remainder when 1156 is divided by 26.
12
What is the remainder when 131 is divided by 22?
21
What is the remainder when 3561 is divided by 9?
6
What is the remainder when 2565 is divided by 509?
20
Calculate the remainder when 7541 is divided by 38.
17
Calculate the remainder when 56 is divided by 14.
0
Calculate the remainder when 121 is divided by 49.
23
What is the remainder when 449 is divided by 115?
104
Calculate the remainder when 865 is divided by 14.
11
Calculate the remainder when 1324 is divided by 14.
8
What is the remainder when 236 is divided by 82?
72
What is the remainder when 1429 is divided by 707?
15
What is the remainder when 909 is divided by 135?
99
What is the remainder when 7175 is divided by 2384?
23
What is the remainder when 10794 is divided by 3596?
6
Calculate the remainder when 506 is divided by 34.
30
What is the remainder when 215 is divided by 25?
15
What is the remainder whe